
11
Calculate the remainder when 25397 is divided by 200.
197
Calculate the remainder when 105 is divided by 23.
13
Calculate the remainder when 159 is divided by 156.
3
What is the remainder when 51 is divided by 32?
19
Calculate the remainder when 109 is divided by 22.
21
Calculate the remainder when 801 is divided by 201.
198
Calculate the remainder when 620 is divided by 337.
283
What is the remainder when 530 is divided by 116?
66
Calculate the remainder when 10833 is divided by 14.
11
What is the remainder when 728 is divided by 13?
0
What is the remainder when 190 is divided by 98?
92
Calculate the remainder when 51197 is divided by 371.
370
Calculate the remainder when 2134 is divided by 89.
87
Calculate the remainder when 2013 is divided by 28.
25
Calculate the remainder when 796 is divided by 47.
44
What is the remainder when 1645 is divided by 15?
10
What is the remainder when 117 is divided by 20?
17
Calculate the remainder when 176 is divided by 30.
26
Calculate the remainder when 28 is divided by 21.
7
Calculate the remainder when 993 is divided by 56.
41
Calculate the remainder when 356 is divided by 26.
18
Calculate the remainder when 539 is divided by 350.
189
Calculate the remainder when 1044 is divided by 91.
43
Calculate the remainder when 48 is divided by 10.
8
What is the remainder when 305 is divided by 45?
35
What is the remainder when 1109 is divided by 111?
110
What is the remainder when 1149 is divided by 194?
179
What is the remainder when 302 is divided by 103?
96
What is the remainder when 414 is divided by 83?
82
What is the remainder when 32 is divided by 18?
14
What is the remainder when 261 is divided by 94?
73
What is the remainder when 249 is divided by 41?
3
What is the remainder when 373 is divided by 18?
13
Calculate the remainder when 1687 is divided by 343.
315
What is the remainder when 1660 is divided by 34?
28
What is the remainder when 561 is divided by 88?
33
What is the remainder when 2071 is divided by 34?
31
Calculate the remainder when 373 is divided by 10.
3
What is the remainder when 12 is divided by 8?
4
Calculate the remainder when 433 is divided by 44.
37
What is the remainder when 358 is divided by 333?
25
What is the remainder when 9174 is divided by 148?
146
Calculate the remainder when 13299 is divided by 14.
13
Calculate the remainder when 2116 is divided by 20.
16
Calculate the remainder when 28 is divided by 21.
7
What is the remainder when 10 is divided by 8?
2
Calculate the remainder when 74 is divided by 20.
14
Calculate the remainder when 34 is divided by 7.
6
Calculate the remainder when 803 is divided by 18.
11
What is the remainder when 604 is divided by 6?
4
What is the remainder when 194 is divided by 14?
12
What is the remainder when 52 is divided by 47?
5
Calculate the remainder when 214 is divided by 9.
7
Calculate the remainder when 271 is divided by 120.
31
What is the remainder when 2259 is divided by 465?
399
What is the remainder when 1263 is divided by 11?
9
What is the remainder when 232 is divided by 42?
22
Calculate the remainder when 3020 is divided by 112.
108
What is the remainder when 387 is divided by 55?
2
Calculate the remainder when 868 is divided by 42.
28
Calculate the remainder when 335 is divided by 14.
13
What is the remainder when 325 is divided by 158?
9
What is the remainder when 190 is divided by 63?
1
Calculate the remainder when 2658 is divided by 70.
68
What is the remainder when 10 is divided by 7?
3
Calculate the remainder when 4091 is divided by 6.
5
What is the remainder when 1952 is divided by 31?
30
Calculate the remainder when 475 is divided by 113.
23
What is the remainder when 101 is divided by 8?
5
What is the remainder when 59 is divided by 39?
20
Calculate the remainder when 1264 is divided by 115.
114
What is the remainder when 444 is divided by 32?
28
Calculate the remainder when 157 is divided by 23.
19
What is the remainder when 69 is divided by 40?
29
What is the remainder when 600 is divided by 31?
11
Calculate the remainder when 1939 is divided by 86.
47
What is the remainder when 513 is divided by 105?
93
What is the remainder when 1221 is divided by 17?
14
What is the remainder when 233 is divided by 48?
41
Calculate the remainder when 48 is divided by 5.
3
Calculate the remainder when 110 is divided by 37.
36
What is the remainder when 831 is divided by 190?
71
What is the remainder when 202 is divided by 53?
43
What is the remainder when 576 is divided by 146?
138
What is the remainder when 1069 is divided by 1?
0
What is the remainder when 131 is divided by 5?
1
Calculate the remainder when 49 is divided by 22.
5
What is the remainder when 118 is divided by 30?
28
Calculate the remainder when 974 is divided by 70.
64
Calculate the remainder when 396 is divided by 76.
16
Calculate the remainder when 804 is divided by 13.
11
What is the remainder when 3736 is divided by 17?
13
Calculate the remainder when 579 is divided by 39.
33
Calculate the remainder when 204 is divided by 149.
55
What is the remainder when 191 is divided by 40?
31
What is the remainder when 124 is divided by 8?
4
What is the remainder when 1743 is divided by 109?
108
Calculate the remainder when 77 is divided by 16.
13
Calculate the remainder when 541 is divided by 10.
1
What is the remainder when 57 is divided by 29?
28
Calculate the remainder when 1080 is divided by 23.
22
What is the remainder when 57 is divided by 13?
5
Calculate the remainder when 548 is divided by 110.
108
Calculate the remainder when 223 is divided by 15.
13
What is the remainder when 325 is divided by 7?
3
Calculate the remainder when 888 is divided by 7.
6
What is the remainder when 2861 is divided by 13?
1
Calculate the remainder when 1989 is divided by 493.
17
Calculate the remainder when 128 is divided by 26.
24
Calculate the remainder when 1398 is divided by 108.
102
What is the remainder when 16233 is divided by 99?
96
Calculate the remainder when 636 is divided by 9.
6
Calculate the remainder when 1322 is divided by 439.
5
What is the remainder when 431 is divided by 54?
53
What is the remainder when 1887 is divided by 551?
234
What is the remainder when 13 is divided by 3?
1
Calculate the remainder when 1648 is divided by 97.
96
Calculate the remainder when 510 is divided by 103.
98
What is the remainder when 56 is divided by 8?
0
What is the remainder when 6525 is divided by 12?
9
What is the remainder when 395 is divided by 179?
37
What is the remainder when 44199 is divided by 170?
169
What is the remainder when 134 is divided by 61?
12
Calculate the remainder when 823 is divided by 202.
15
Calculate the remainder when 10198 is divided by 12.
10
Calculate the remainder when 257 is divided by 52.
49
Calculate the remainder when 24497 is divided by 20.
17
Calculate the remainder when 724 is divided by 351.
22
What is the remainder when 309 is divided by 62?
61
Calculate the remainder when 43 is divided by 23.
20
Calculate the remainder when 5603 is divided by 244.
235
Calculate the remainder when 873 is divided by 23.
22
What is the remainder when 377 is divided by 38?
35
What is the remainder when 200 is divided by 32?
8
What is the remainder when 325 is divided by 66?
61
What is the remainder when 120 is divided by 10?
0
What is the remainder when 183 is divided by 73?
37
Calculate the remainder when 732 is divided by 49.
46
What is the remainder when 5649 is divided by 113?
112
Calculate the remainder when 313 is divided by 161.
152
What is the remainder when 3937 is divided by 13?
11
What is the remainder when 298 is divided by 114?
70
What is the remainder when 5039 is divided by 112?
111
What is the remainder when 718 is divided by 15?
13
Calculate the remainder when 127 is divided by 23.
12
Calculate the remainder when 180 is divided by 24.
12
What is the remainder when 94 is divided by 48?
46
Calculate the remainder when 20 is divided by 10.
0
Calculate the remainder when 2049 is divided by 27.
24
Calculate the remainder when 106 is divided by 24.
10
What is the remainder when 1124 is divided by 372?
8
Calculate the remainder when 2557 is divided by 320.
317
What is the remainder when 584 is divided by 395?
189
Calculate the remainder when 128 is divided